ulate the highest common factor of 835 and 1565.
5
What is the greatest common divisor of 173 and 3658777?
173
What is the highest common divisor of 4192 and 9301?
131
What is the greatest common divisor of 602 and 6482?
14
Calculate the greatest common factor of 37422 and 308.
154
Calculate the greatest common divisor of 140 and 28812.
28
Calculate the highest common divisor of 221 and 123539.
221
Calculate the greatest common factor of 120603 and 483.
21
What is the highest common factor of 142656 and 66?
6
What is the highest common factor of 585408 and 72?
24
What is the greatest common factor of 51072 and 45486?
798
Calculate the greatest common factor of 215634 and 6723.
249
Calculate the greatest common divisor of 25305 and 1155.
105
Calculate the highest common divisor of 129 and 5433.
3
Calculate the greatest common factor of 69 and 936997.
23
Calculate the greatest common factor of 7564 and 28.
4
What is the greatest common factor of 35347 and 143?
13
Calculate the greatest common divisor of 40 and 23315.
5
Calculate the highest common divisor of 85 and 5447021.
17
Calculate the greatest common factor of 1120 and 245.
35
What is the highest common factor of 14090 and 45?
5
Calculate the highest common divisor of 522291 and 714.
357
Calculate the greatest common factor of 111122 and 44.
22
Calculate the highest common divisor of 92759 and 23.
23
What is the greatest common divisor of 1530 and 143310?
510
What is the greatest common factor of 500 and 187940?
20
Calculate the greatest common divisor of 9991 and 10379.
97
Calculate the highest common factor of 11183 and 844.
211
What is the highest common divisor of 12 and 11826?
6
Calculate the highest common divisor of 2124129 and 63.
21
Calculate the highest common divisor of 7171 and 25773.
71
What is the highest common factor of 195 and 1973465?
65
Calculate the greatest common divisor of 4235 and 14520.
605
What is the highest common divisor of 245 and 14580195?
245
What is the greatest common factor of 2640 and 28820?
220
Calculate the highest common factor of 196572 and 48.
12
What is the highest common factor of 17 and 156230?
17
Calculate the greatest common factor of 120 and 264120.
120
What is the greatest common factor of 2432 and 78?
2
Calculate the greatest common divisor of 64 and 6358.
2
Calculate the greatest common factor of 4130 and 245.
35
Calculate the greatest common factor of 153 and 1409946.
51
Calculate the greatest common divisor of 774731 and 43.
43
What is the highest common divisor of 68950 and 10?
10
Calculate the greatest common factor of 901 and 71232.
53
What is the greatest common factor of 12264 and 2409?
219
What is the highest common divisor of 1865346 and 1932?
966
Calculate the greatest common divisor of 8 and 3244.
4
What is the highest common factor of 1183 and 763?
7
What is the greatest common divisor of 288 and 81492?
12
What is the highest common divisor of 533 and 598?
13
What is the greatest common divisor of 11120 and 898635?
695
Calculate the highest common factor of 720 and 2545920.
720
Calculate the highest common divisor of 1904 and 5488.
112
Calculate the greatest common divisor of 7980 and 196.
28
Calculate the highest common divisor of 3590 and 2.
2
Calculate the greatest common divisor of 35 and 35265.
5
Calculate the greatest common divisor of 532 and 273714.
266
Calculate the greatest common factor of 3647 and 98.
7
What is the highest common divisor of 1271 and 656?
41
What is the highest common divisor of 12 and 38343?
3
What is the highest common divisor of 84824 and 1224?
8
What is the greatest common divisor of 5166 and 377856?
738
What is the greatest common factor of 5150 and 29870?
1030
What is the highest common factor of 3200 and 184?
8
What is the greatest common divisor of 424 and 6968?
8
Calculate the highest common divisor of 31590 and 2015.
65
What is the highest common factor of 199944 and 288?
72
What is the highest common factor of 2480712 and 312?
312
Calculate the greatest common divisor of 1918 and 14.
14
What is the highest common factor of 6165 and 8640?
45
Calculate the highest common divisor of 200880 and 1764.
36
Calculate the highest common divisor of 1161 and 422217.
387
What is the highest common divisor of 182 and 254744?
14
Calculate the highest common divisor of 4884 and 45936.
132
What is the highest common factor of 17063 and 1359?
151
What is the greatest common factor of 18154 and 464?
58
What is the greatest common factor of 598 and 16406?
26
Calculate the highest common divisor of 93 and 491939.
31
What is the greatest common divisor of 1535779 and 92?
23
Calculate the greatest common divisor of 181291 and 11.
11
What is the highest common divisor of 102 and 23358?
102
What is the highest common factor of 67 and 6510457?
67
Calculate the greatest common divisor of 35 and 14462.
7
What is the greatest common divisor of 226071 and 162?
81
Calculate the highest common divisor of 4576 and 56992.
416
What is the highest common divisor of 1 and 2141?
1
What is the greatest common factor of 323898 and 222?
222
What is the greatest common divisor of 5390 and 240?
10
Calculate the highest common divisor of 18970 and 271.
271
What is the greatest common factor of 45175 and 650?
325
Calculate the greatest common divisor of 11613 and 395.
79
Calculate the highest common divisor of 97432 and 988.
76
What is the highest common divisor of 416 and 244556?
52
What is the greatest common factor of 98142 and 66?
66
Calculate the greatest common factor of 2465 and 6664.
17
Calculate the highest common factor of 424 and 3192296.
424
What is the highest common divisor of 116 and 2946284?
116
What is the greatest common factor of 2262 and 18473?
377
What is the greatest common divisor of 700 and 900?
100
What is the highest common divisor of 2958 and 1044?
174
What is the greatest common divisor of 1122 and 6919?
187
Calculate the greatest common divisor of 34767 and 9.
9
What is the highest common factor of 770 and 6776?
154
Calculate the greatest common factor of 87075 and 150.
75
What is the highest common factor of 32958 and 288?
18
Calculate the greatest common factor of 520 and 104840.
40
What is the highest common factor of 83622 and 672?
42
What is the greatest common divisor of 1188185 and 71?
71
Calculate the highest common divisor of 100371 and 3.
3
What is the greatest common factor of 16410 and 60?
30
What is the greatest common factor of 553 and 3514?
7
Calculate the highest common factor of 11820 and 210.
30
Calculate the greatest common divisor of 65 and 10935.
5
What is the highest common factor of 438 and 330?
6
Calculate the highest common factor of 8 and 62378.
2
Calculate the greatest common divisor of 1768 and 782.
34
Calculate the highest common factor of 28 and 45212.
4
Calculate the highest common divisor of 5 and 45690.
5
What is the greatest common factor of 470 and 109510?
470
What is the highest common factor of 9105 and 396371?
607
Calculate the greatest common factor of 351131 and 2796.
233
What is the highest common divisor of 2346 and 2748730?
782
Calculate the greatest common divisor of 3813 and 3321.
123
Calculate the highest common factor of 957 and 528.
33
What is the greatest common divisor of 9175 and 250?
25
Calculate the highest common divisor of 147 and 38983.
7
What is the highest common divisor of 24470 and 220?
10
What is the highest common divisor of 16 and 2896?
16
Calculate the highest common divisor of 9153 and 1944.
81
Calculate the highest common divisor of 139 and 18330069.
139
What is the greatest common divisor of 413237 and 11?
11
Calculate the greatest common divisor of 10 and 42310.
10
Calculate the highest common factor of 379080 and 720.
360
What is the greatest common divisor of 404758 and 922?
922
What is the highest common factor of 20 and 5388?
4
What is the greatest common divisor of 601 and 1654553?
601
Calculate the greatest common divisor of 4991 and 100625.
161
What is the greatest common divisor of 16 and 9352208?
16
Calculate the highest common divisor of 81795 and 12635.
665
Calculate the greatest common factor of 644 and 16996.
28
What is the greatest common factor of 3893 and 225107?
229
What is the greatest common factor of 37143 and 9?
